 8*x. Let t(m) = i(m) + r(m). Let l(z) = -11*z**2 + 19*z + 2. Let k(g) = 6*l(g) - 13*t(g). What is k(-1)?
1
Let q = -27 + 35. Suppose -3*j = -q*j - 30. Let h(y) = -2*y - 8. Give h(j).
4
Let p(y) = -3*y**2 + y**2 - 18*y + 2*y**2 + y**2 + 32*y - 3. Give p(-14).
-3
Let z(k) be the second derivative of 11*k**8/6720 - k**7/2520 - 3*k**4/2 + 22*k. Let g(t) be the third derivative of z(t). What is g(1)?
10
Let m(y) = 4*y**2 + 7*y - 1. Let l(j) = 6*j**2 + 10*j - 1. Let s be 9/(-36) + ((-95)/4)/5. Let a(h) = s*l(h) + 8*m(h). Give a(-5).
17
Let s(m) = m**3 + 5*m**2 - 3*m - 10. Let g be 150/(-20)*4/6. What is s(g)?
5
Let m(b) be the first derivative of 2*b**3/3 - 3*b + 375. What is m(-2)?
5
Let t = -21 - -52. Let y be t/5 + (-1)/5. Let f(l) = l**2 - 7*l - 2. Determine f(y).
-8
Suppose 0 = -49*s + 34*s - 105. Let a(z) = -2*z - 3. Calculate a(s).
11
Suppose 13*r - 32 = 9*r. Let h(l) = r*l + 20*l - 27*l - 2. Give h(6).
4
Let q(o) be the first derivative of 1/2*o**2 - 2*o - 28. Give q(3).
1
Suppose -2*v + 0 = -4. Suppose 40 = 4*y - 4*x, 0 = -5*y + v*y - 3*x. Let g(i) = i**3 - 5*i**2 + 6. Determine g(y).
6
Suppose -31*i + 5 = -32*i. Let p(v) = 4*v + 13. Determine p(i).
-7
Let t(w) = -2*w**2 - 11*w - 6. Let v be -2*9/2 + 7 + -5. What is t(v)?
-27
Let f(u) = 4*u**2 - 8*u + 2. Let p(d) = d**2 - 3*d. Let q(l) = -f(l) + 3*p(l). What is q(3)?
-14
Let t(j) = 3*j**3 - 2. Let p(d) = 11*d**3 + 5*d**2 - 6*d - 7. Let z(x) = -p(x) + 4*t(x). Give z(3).
-1
Let z(x) = -12*x - 1. Let i(p) = -2*p. Let r(q) = -14*i(q) + 2*z(q). Let f(b) = -b**2 - 11*b + 54. Let c be f(-15). Calculate r(c).
-26
Suppose 8*i - 5*k = 3*i + 30, -5*i - 3*k - 2 = 0. Let p be 4/(i/(-32)*-4). Let r be 40/p*(1 - -1). Let o(h) = h**2 - 5*h - 6. Give o(r).
-6
Let r = 1330 + -1319. Let f(n) = -n**3 + 12*n**2 - 9*n - 28. What is f(r)?
-6
Let t(u) = -u - 6. Let l = -2 - -5. Suppose 5*a - 68 = -48. Suppose i - a*i + j = -14, i - l = 2*j. Calculate t(i).
-11
Let y(p) = p**2 - 2. Let s(l) = l**3 - 8*l**2 - 3*l + 8. Let x be ((-3)/(-9))/((-2)/(-36)). Let i be s(x). Let u be i/(-26) + (-8)/52. Determine y(u).
7
Let n(d) = d + 7. Suppose -11 - 1 = 4*u, 0 = -5*k + u + 48. Suppose -4*l + 10 = -5*f, -3*f + 2 = l - k. Determine n(l).
12
Let y(u) = 3*u + 18. Let c(n) = n + 9. Let f(i) = 5*c(i) - 2*y(i). Suppose 2*x = -0*h + 4*h, -h + 5*x = 0. Determine f(h).
9
Let o(r) = 2*r**2 - r. Suppose 0 = -c - 2*v + v + 3, -4*v = 3*c - 7. Let w(i) = i - 3. Let t be w(c). Let s be o(t). Let y(j) = -j**2 + 5*j - 1. Calculate y(s).
-7
Let s(y) = 3*y + 55. Let g be s(-20). Let d(m) = m + 5. Give d(g).
0
Let b(w) = -34*w + 1. Let j be ((-2)/(-6))/((104/(-24))/13). What is b(j)?
35
Suppose -i = -r - 2 - 6, -35 = 4*r - 5*i. Let s = 3 + r. Let d(z) be the first derivative of 5*z**2/2 + 2*z - 3. Give d(s).
-8
Let p(n) = 1. Let u(w) = 5*w + 15. Let x(g) = -g - 4. Let c(t) = 2*u(t) + 9*x(t). Let m(y) = c(y) + 5*p(y). Give m(5).
4
Let q = 8 + -2. Let i(m) be the third derivative of 0 - 1/60*m**5 + m**2 + 1/2*m**3 + 0*m + 1/6*m**4. Calculate i(q).
-9
Let c(b) = -5*b**3 + 14*b**3 + 4*b - 8*b**2 - 8*b**3 - 5 + 0*b**3. Give c(7).
-26
Let y(u) be the third derivative of 1/3*u**3 - 1/12*u**5 - 17*u**2 - 5/24*u**4 + 0 + 0*u + 1/120*u**6. Calculate y(6).
8
Let p(x) be the first derivative of x**2/2 - 10*x + 86. Give p(-8).
-18
Suppose y + 0*y = 4*j - 20, 2*j - 20 = 3*y. Let g be (-2 + j)*(-1)/2. Let a = 5 - g. Let z(t) = t**3 - 7*t**2 + 7*t - 2. What is z(a)?
4
Suppose 15 = -c + 4*c. Let u = -35 + 31. Let i(g) = g. Let a(f) = -f**2 + 2. Let z(p) = u*i(p) - a(p). Determine z(c).
3
Let k(b) = -17*b**2 - b. Let q(x) = -4*x**2 + 3*x + 3. Let c(g) = 3*g**2 - 2*g - 2. Let p(n) = 5*c(n) + 4*q(n). Let i be p(3). What is k(i)?
-16
Let s(k) = -8*k + 3. Let x be ((-3)/6)/(3/(-12)). What is s(x)?
-13
Let u(x) = x - 1. Let o(i) = -8*i + 16. Let v(g) = o(g) + 3*u(g). Let s(m) = 2*m - 2*m - 3 + m. Let c(a) = 18*s(a) + 4*v(a). Calculate c(-3).
4
Let i(l) = 57*l - 99. Let g(o) = 8*o - 14. Let j(z) = -27*g(z) + 4*i(z). Calculate j(3).
18
Let r(q) = -q**2 + q. Let h(b) be the third derivative of b**2 - 7/60*b**5 + 0 + 0*b + 7/24*b**4 + 1/3*b**3. Let g(s) = -h(s) + 6*r(s). Determine g(3).
4
Let q(c) be the second derivative of -c**4/12 - c**3/6 + 2*c**2 - 6*c. Let w be 78/(-16) + (-2)/16. Calculate q(w).
-16
Let g(a) = -5*a. Let z(v) = -v. Let h(o) = 4*g(o) - 22*z(o). Let k be h(0). Let n(x) = 3*x**2 + x - 2*x**2 - 6 - 2*x**2. Determine n(k).
-6
Let l(m) = m**2 - m - 1. Let a(j) = 6*j + 3. Let t be a(0). Determine l(t).
5
Suppose -r - 14 - 28 = 4*z, -r - 3*z = 37. Suppose 15*w = 11*w + 84. Let l = w + r. Let n(j) = 5*j - 1. Give n(l).
-6
Suppose 4*i - 4*k - 4 = 0, -40 = -2*i - 5*k - 10. Let c(p) = -11*p - 13. Let l(v) = -20*v - 25. Let r(z) = -11*c(z) + 6*l(z). Give r(i).
-2
Let j(s) be the third derivative of -s**6/360 + s**5/60 + s**4/24 - 5*s**3/6 + 11*s**2. Let c(a) be the first derivative of j(a). What is c(4)?
-7
Let c = 868 + -880. Let s(v) = -v**3 - 13*v**2 - 14*v - 12. Calculate s(c).
12
Let n(z) be the first derivative of -z**4/4 + 5*z**3/3 + 2*z**2 - 4*z + 127. Calculate n(4).
28
Let o(g) = -2258 + 11*g - 5*g + 2257. Calculate o(-1).
-7
Let d(w) = -3*w + 1. Let g(t) = -16*t + 6. Let o(y) = 11*d(y) - 2*g(y). What is o(-10)?
9
Let j be (-45)/(-60) + (-7)/4 - -7. Let h(u) = -u**3 + 7*u**2 - 9*u + 8. Calculate h(j).
-10
Let h(j) = -4*j - 7. Let k(v) = 2*v + 3. Let y(i) = 2*h(i) + 5*k(i). Calculate y(5).
11
Let p(l) be the third derivative of 0 + 1/2*l**3 + 0*l + 5/24*l**4 - 2*l**2 - 1/10*l**5 + 1/120*l**6. Suppose -6*n = -3*n - 12. Determine p(n).
-9
Let h = 2 - 3. Let x be 2 + -2 - -2 - h. Let c(s) be the first derivative of -s**2/2 - 60. Determine c(x).
-3
Suppose -4*w = -p - 19, 32*w + 2*p = 30*w + 2. Let h(g) = -5*g**2 + 19*g - 4. Calculate h(w).
-8
Let n(t) = 4*t - 11. Suppose -3*r = 2*l - 32, 9 - 46 = -3*l + r. What is n(l)?
41
Let j(p) = -13*p + 26*p - 3 + 4 - 12*p. Let t(f) = f + 2. Let s be t(6). Determine j(s).
9
Let v(g) = g**3 + 6*g**2 + 6*g + 4. Suppose 5*x = 6 - 1. Suppose 7*k = -36 + x. Give v(k).
-1
Let r(t) = -9*t**3 + 2*t + 1. Suppose -2*c + 3 = -c. Suppose 27 = 6*k + c. Suppose -4*x + 11 = -3*l, k*x = -l + 2 - 11. What is r(x)?
8
Let d(g) = 5*g**3 - g**2 - 9*g - 7. Let k(m) = 27*m**3 - 6*m**2 - 46*m - 35. Let n(u) = 11*d(u) - 2*k(u). What is n(-3)?
-4
Let g be ((-2)/(-4))/(2/4). Let q = 25 + -22. Let j(t) = -8*t**3 + 2*t**2 - 3*t**2 + 13*t**q. Give j(g).
4
Let p(k) be the first derivative of -k**5/60 - k**4/4 - k**3/3 + 11*k**2/2 - 6. Let g(u) be the second derivative of p(u). Calculate g(-5).
3
Let b(z) = -z**3 + 3*z**2 + z + 1. Let x(i) = 5*i**3 - 12*i**2 - 12*i - 5. Let p(q) = -6*b(q) - x(q). Calculate p(5).
4
Let l(w) be the second derivative of 4*w - 5/2*w**2 - 1/6*w**3 + 0. What is l(4)?
-9
Let z(a) be the first derivative of -a**3/3 - a**2/2 + 2*a - 4. Suppose 0 = -3*n + 3*g - 0*g - 3, 0 = -g + 1. Give z(n).
2
Let z(k) = k**3 - 5*k**2 + k + 1. Suppose d - 1 - 1 = 3*w, 5*d - 2*w = 10. Let a be d/10 + 144/30. Give z(a).
6
Let n(h) = h**3 + h**2 - 3*h + 2. Let m(q) = -1. Let z(w) = 5. Let t(i) = 11*m(i) + 2*z(i). Let j(s) = n(s) - t(s). Determine j(2).
9
Let r(a) = -3*a - 31. Let z be ((-13)/2)/((-16)/(160/(-5))). Calculate r(z).
8
Let z(d) = d**3 - d**2 + 1. Let b(g) = 3*g**3 + 2*g**2 + 3*g - 2. Let x(r) = b(r) - 2*z(r). Determine x(-3).
-4
Let t = 201 - 199. Let p(n) = 8*n - 4. Give p(t).
12
Let t(m) = -2*m - 51*m**3 - 4 + 52*m**3 - 7 + 0*m + 5*m**2. Calculate t(-5).
-1
Suppose 3*f = 2*p + 5 + 11, -f - p + 2 = 0. Let b(n) = f*n + 0*n + 24*n**3 - 1 - 22*n**3 - 3*n. Give b(1).
2
Let o(l) = l**2 - l + 1. Let y(z) = z - 22. Let m be y(25). Let j(d) = -d**3 - 2*d**2 - 4*d + 8. Let h(k) = m*o(k) - j(k). Determine h(-5).
-10
Suppose 0 = w + 3 - 4. Let k(x) be the second derivative of -x**6/12 - x**3/6 + x**2/2 - 7*x. Let l(b) be the first derivative of k(b). Determine l(w).
-11
Let o = 8 + -5. Let b(z) be the second derivative of z**4/12 - 3*z**2/2 - 112*z. What is b(o)?
6
Let s(k) = -2*k - 12. Let w be (-72)/18*(3/(-4) + 2). Give s(w).
-2
Let x(j) = 18*j**2 - 161*j - 3. Let q be x(9). Let l(m) = m**3 - 7*m**2 + 2*m + 11. Calculate l(q).
-13
Let z(v) = 4*v - 1 - 2*v + 0*v. Let t(q) = -q**3 + 24*q**2 - 103*q - 89. Let m be t(18). Calculate z